n divisor of 3 and a?
3
Suppose -1285 = -5*y - 4*x, -2*y + y + 238 = -3*x. Suppose -y = -38*p + 37*p. What is the highest common factor of 23 and p?
23
Suppose 0 = 54*z - 59*z + 65. Calculate the greatest common divisor of 2743 and z.
13
Suppose 5*p - 5*j + 698 = 2073, 2*p - 547 = j. Calculate the greatest common divisor of 64 and p.
16
Suppose -4*m = 20, 5*m + 5615 = 4*o + 278. Calculate the highest common factor of o and 16.
16
Let a = 1275 - 1035. What is the greatest common factor of 1360 and a?
80
Let a be 58*4/32*8. What is the highest common factor of 2 and a?
2
Let m be 2/(-7) - (-18)/315*215. Let b be (-2 + 12)*96/10. What is the highest common divisor of b and m?
12
Let w = 404 - 380. Calculate the highest common factor of w and 60.
12
Let z(g) = 9*g - 54. Let b be z(12). Let k be (234/52)/(2/8). Calculate the greatest common factor of b and k.
18
Suppose -339 = 4*n - 2*r + 249, 0 = -4*n - 4*r - 576. Let c be (-10)/90 + n/(-18). Calculate the highest common divisor of 72 and c.
8
Let d be -6*21*81/(-18). Calculate the highest common divisor of d and 84.
21
Suppose 108*d = 118*d - 4060. What is the highest common divisor of 58 and d?
58
Let z be (-4)/6 + 46/6. Suppose 2*h - 13 = 7*r - 2*r, 5*h + 5*r = 15. Suppose -10*l + 42 = -h*l. Calculate the greatest common factor of l and z.
7
Let s = 80 + -56. Let j = 32 - s. Suppose 168 = -j*x + 12*x. Calculate the highest common factor of 6 and x.
6
Suppose 61*m - 67*m = -1008. What is the highest common factor of 21 and m?
21
Let a = 102 + 41. Calculate the highest common factor of a and 11.
11
Let o = -70 + 152. Suppose 0*i = 5*i - 5*d - 100, -4*i + 5*d = -o. Suppose n - i = -n. What is the highest common divisor of 72 and n?
9
Let d be (-1476)/1107*24/(0 + -1). Suppose 3*w + 8*q = 3*q + 34, -4*w + 3*q - 3 = 0. Suppose w*g - 49 = 47. Calculate the greatest common factor of g and d.
32
Let k(w) = w**3 - 8*w**2 + 5*w - 6. Let f be k(8). Suppose 0 = -3*p - f + 16. Let b = 66 - p. Calculate the highest common factor of b and 18.
18
Suppose w + q = 184, 0 = -3*w - 6*q + 4*q + 548. What is the greatest common divisor of w and 20?
20
Let m(w) = -2*w - 8. Let i = 36 - 16. Let n be ((-9)/4)/(5/i). Let b be m(n). What is the greatest common factor of b and 15?
5
Let o = 1871 + -1299. Suppose 1176 + 644 = 35*z. Calculate the greatest common factor of z and o.
52
Let s(o) = -o**2 + 35*o + 170. Let h be s(39). Let a = 17 + -24. Let x = -5 - a. Calculate the highest common factor of h and x.
2
Let j = 5125 - 2091. What is the highest common factor of j and 74?
74
Let d = 6 - 2. Let h(c) = 13*c**2 - 7*c - 5. Let z be h(-2). Suppose 2*i = -1 - 1, -5*w + z = d*i. Calculate the greatest common divisor of w and 143.
13
Let z = -71 - -176. Calculate the greatest common divisor of z and 120.
15
Suppose -2*t + 7*t = 105. Suppose -2*h = -g - 35 - 3, 43 = 3*h + 2*g. Suppose -3*m + 2*k = -h, m - 9 = 4*k + 10. Calculate the highest common factor of t and m.
3
Let g be (-3 + 12/3)*3. Suppose 2*y = -g*y + 65. Calculate the greatest common factor of y and 91.
13
Suppose -3*a - 188*j + 184*j = -967, 4*a - 5*j - 1310 = 0. Calculate the greatest common divisor of 125 and a.
25
Let o(w) be the second derivative of w**4/6 + w**3/6 - 2*w**2 - 9*w. Let q be o(-2). What is the greatest common factor of 10 and q?
2
Let m = 135 - -205. What is the greatest common factor of m and 204?
68
Let a(y) be the second derivative of y**4/12 - 7*y**3/2 + 17*y**2/2 - 37*y. Let o be a(22). What is the greatest common divisor of o and 6?
3
Suppose -14*w + 216 = 4*w. Suppose 65 = 2*g + 2*o - 195, -g + 140 = -4*o. What is the highest common divisor of g and w?
12
Suppose 54*m = 56*m - 74. Calculate the highest common divisor of 185 and m.
37
Let h(a) = -18*a**2 + 1. Let g be h(1). Let s = 17 + g. Suppose 2*z + s = 16. What is the highest common divisor of z and 8?
8
Let c be (10 + -11)/((-1)/3). Suppose 6*m - c*m + 3 = -4*a, 12 = 2*m - 2*a. Suppose -48 = -m*k + k. Calculate the greatest common divisor of 8 and k.
8
Let a be (3/(-5))/(2 - 183/90). Calculate the highest common factor of 48 and a.
6
Suppose -b = -0*b - 4*q - 49, -b = 2*q - 49. Let s = b - 44. What is the highest common factor of 1 and s?
1
Let w be 2 - ((2 - -1) + -3). Let x(n) = -n**3 + 10*n**2 - 18*n + 10. Let z be x(8). Let m = w - z. What is the greatest common factor of 24 and m?
8
Let m(o) = -o - 1. Let d(i) = 11. Let p(f) = d(f) + 2*m(f). Let n be p(6). Let g = 8 + n. What is the highest common divisor of g and 30?
5
Suppose -510 = 6*w - 9*w. Calculate the highest common factor of w and 40.
10
Let v(x) = x**3 - 2*x**2 + x. Let s be v(2). Let j(m) = 2*m. Let c be j(0). Suppose p = -c*p + s. What is the greatest common factor of 2 and p?
2
Let i(t) = -2*t - 30. Let j be i(-16). Let m be (-54)/(-15)*5/j. Suppose -2*a - a = -108. Calculate the greatest common factor of m and a.
9
Suppose -5461 - 4731 = -7*t. What is the greatest common factor of t and 91?
91
Let w(f) = -2*f**2 - 64*f - 4. Let s be w(-5). What is the highest common factor of 14 and s?
14
Suppose 2*q + 4*n = 16, 5*n - 11 = 9. Suppose l + 4*l - 105 = q. Calculate the greatest common factor of 168 and l.
21
Suppose s - 4*b + 0*b = -2, -4*b - 12 = -2*s. Let u be 3/7 + 8/s. What is the greatest common divisor of 3 and u?
1
Let p(r) = -r**3 + 14*r**2 + 32*r + 5. Let f be p(16). Suppose -j + f = -b, 8 = -4*j + 3*b + 25. Calculate the greatest common divisor of 5 and j.
1
Suppose 8*a = -14*a + 858. Calculate the greatest common divisor of 273 and a.
39
Suppose -32*o + 0*o = -960. Calculate the highest common factor of o and 40.
10
Let j(n) = -2*n + 88. Let l be j(43). What is the highest common factor of l and 250?
2
Let t(x) = x - 4. Let w = -3 + 9. Let m be t(w). Let i = -7 + 11. What is the greatest common factor of m and i?
2
Suppose f + 0*f = 5*c - 28, -2*c + 3*f + 19 = 0. Suppose 5*x + o = 20, 2*x - c*x = 3*o. Let s = -35 - -60. Calculate the greatest common factor of s and x.
5
Let r(i) = i**3 - 30*i**2 + 4*i - 45. Let l be r(30). Calculate the greatest common factor of l and 25.
25
Let n be 2 + (-1 + 1)/((-42)/(-14)). Let m be (280/(n - 7))/(-1). Calculate the greatest common factor of 8 and m.
8
Let p = 63 - 50. What is the highest common factor of p and 1?
1
Let w = -1235 - -1255. Suppose -2*p = -i - 0*i, -p = -3*i + 10. Suppose -24 = 4*m - p*g - 74, 5*g = -25. What is the highest common factor of m and w?
10
Let r(q) = q**3 - 2*q**2 + 8*q - 16. Let h be r(4). Let w(m) = m**3 - 4*m**2 + 2*m - 3. Let p be w(5). Calculate the greatest common factor of h and p.
16
Let w = 391 - 370. Suppose 5*n = 4*o - 934, -n - 464 = 2*o - 4*o. Calculate the highest common factor of o and w.
21
Suppose 2*g + 28 = -30. Let d = g + 149. Calculate the greatest common factor of 24 and d.
24
Suppose 4*r - 1 = t, -r + 5*t - 6 = 8. Suppose -3 = -g + r. Suppose 310 = 4*a + 2*f, -g*a + 4*f + 295 = 9*f. Calculate the greatest common factor of a and 32.
16
Let o(s) = -5*s**2 - 12*s + 13. Let f(q) = 4*q**2 + 13*q - 13. Let n(d) = 6*f(d) + 5*o(d). Let m be n(17). What is the highest common divisor of m and 20?
4
Let g(d) = 16*d - 6. Let l = 39 + -33. Let c be g(l). Calculate the highest common divisor of c and 18.
18
Suppose u = -2*i + 14, 5*i - 3*u - u = 35. Calculate the highest common factor of i and 4.
1
Let y = -123 + 115. Let u be 2/4*(9 - (y + -91)). Let s = 47 - 20. What is the greatest common divisor of u and s?
27
Suppose 40 = 4*x + 12. Let v be 1010/x + (-2)/7. Calculate the greatest common factor of 18 and v.
18
Suppose 4*c - 9*c + 2540 = 5*l, -2*l + 2546 = 5*c. Calculate the highest common divisor of c and 30.
30
Let n = -722 + 1737. Calculate the greatest common divisor of 35 and n.
35
Suppose -5*f - 5 = 0, -5*o + f = -2*f - 23. Let a be -10*14*o/(-8). What is the greatest common divisor of 7 and a?
7
Suppose 28 = -2*n + 7*n - y, -32 = -4*n + 4*y. Suppose -2*x - 5*u = -48, 6*u - u - 105 = -n*x. Calculate the greatest common factor of x and 57.
19
Let a be (-4)/3*(-49 + -5). Suppose 38 = 2*r - a. Suppose -4*x = -r - 53. Calculate the greatest common divisor of x and 243.
27
Let n = -57 + 59. What is the highest common divisor of n and 11?
1
Let z(l) = -2*l + 50. Let y be z(0). Let c = y + -32. Calculate the greatest common d